{"id":27,"date":"2016-02-08T22:59:17","date_gmt":"2016-02-08T22:59:17","guid":{"rendered":"http:\/\/98.142.98.18\/~sbccrindust\/?page_id=27"},"modified":"2023-08-01T22:50:41","modified_gmt":"2023-08-01T22:50:41","slug":"nuestros-productos","status":"publish","type":"page","link":"http:\/\/sbcostaricaindustrial.com\/?page_id=27","title":{"rendered":"Nuestros Productos"},"content":{"rendered":"<p><em><strong><img loading=\"lazy\" decoding=\"async\" class=\"alignright size-medium wp-image-34\" src=\"http:\/\/98.142.98.18\/~sbccrindust\/wp-content\/uploads\/2016\/02\/1476041_345333698939629_1562981352_n-300x241.jpg\" alt=\"1476041_345333698939629_1562981352_n\" width=\"300\" height=\"241\" srcset=\"http:\/\/sbcostaricaindustrial.com\/wp-content\/uploads\/2016\/02\/1476041_345333698939629_1562981352_n-300x241.jpg 300w, http:\/\/sbcostaricaindustrial.com\/wp-content\/uploads\/2016\/02\/1476041_345333698939629_1562981352_n.jpg 350w\" sizes=\"auto, (max-width: 300px) 100vw, 300px\" \/>O-Ring &#8212; Cajas ( O-Ring Kit ) Milimetrico y Pulgadas<\/strong><\/em>:<br \/>\nMateriales PTFE Teflon , Aflas , Urethane , Chloroprene , Silicone , Viton Duro 75-90 , Nitrilo Square Cut Ring , EPR , Nitrilo Duro 70-90, F.D.A<\/p>\n<p><em><strong>Cordones O-Ring \/ Q-Ring en Pulgadas-Mil\u00edmetros:<\/strong><\/em><br \/>\nVariedad Materiales y Durometer EPDM-70 , Fluroelastomer Durometer 75-90-,Silicon Durometer 70,Neoprene Durometer 70,Buna-N Durometer 70-50-90, Viton y Silicon Cuadrado \/Rectangular (1\/8-3\/16-1\/4-5\/16), Cordones Grafitados.<\/p>\n<p><em><strong>F\u00e1bricacion de Sellos Hidr\u00e1ulicos y Neum\u00e1ticos a Medida Met\u00e1lica:<\/strong><\/em><br \/>\nPara Aplicaciones de Movimiento Lineal, Rotativo, Oscilante, Espiral y Estatico en Gama de materiales Viton,Poliuretaros,Silicon,Nitrilo,teflonados.Material F.D.A.<\/p>\n<p><em><strong>Fabricaci\u00f3n de Empaques Especiales Industriales:<\/strong><\/em><br \/>\nEn materiales de Hule , Silicon F.D.A. ,Urethane. Refaccion de los sellos de las Valvulas.<\/p>\n<p><em><strong>Fajas industriales especiales:<\/strong><\/em><br \/>\nMilimetricas en \u00abV\u00bb SPZ-SPA-SPB , Sincronicas MXL-XL-L-H-XH , Tiempo M\u00e9trico 3M-5M-8M-14M , Bandas en \u00abV\u00bb Pegadas 3V-5V-8V,Bandas Eslavonadas y correas abiertas de diferentes pasos.<\/p>\n<p><em><strong><img loading=\"lazy\" decoding=\"async\" class=\"wp-image-220 alignright\" src=\"http:\/\/sbcostaricaindustrial.com\/wp-content\/uploads\/2023\/08\/fajas-155x300.jpg\" alt=\"\" width=\"259\" height=\"501\" srcset=\"http:\/\/sbcostaricaindustrial.com\/wp-content\/uploads\/2023\/08\/fajas-155x300.jpg 155w, http:\/\/sbcostaricaindustrial.com\/wp-content\/uploads\/2023\/08\/fajas.jpg 300w\" sizes=\"auto, (max-width: 259px) 100vw, 259px\" \/><\/strong><\/em><\/p>\n<p><em><strong>Bandas Poly-Chain GT Carbon:<\/strong><\/em><br \/>\nReemplazo de transmisiones de cadena catarina resistente a Quimicos,Corrosivo y Abrasion , con fibra de carbon para trasmitir potencia y absorbe cargas de choque, trabaja optimamente a 85 Grados Centigrados.<\/p>\n<p><em><strong>Laminas Elastomera:<br \/>\n<\/strong><\/em>Diferentes Materiales Buna-N White F.D.A. 50-65 Duro , Viton Duro 75 , Viton ( Nylon Inserted Diaphragm ) 1\/16 x 36&#8243; , Silicone Rubber (White) 60 Duro , Silicone Rubber 40-50-70 Duro , EPR (epdm) 40-60 Duro , Neoprene 40-60-70 , Nitrilo 40-50-60-70-90 Duro , Butyl 60 Duro.<\/p>\n<p><em><strong>Laminas Especiales:<\/strong><\/em><br \/>\nGrafito Laminado Inserci\u00f3n acero inoxidable , Durlon 9000 , Grafoil GH- EN ( E, L, P, R ) , 25% Glass Filler TFE , 316 S.S. Foil Flexible Graphite . Otros Fiberglass Tape ( Soporta esta cinta Temperaturas 1000 Faherenheit ) Anchos 1&#8243; , 1 1\/2&#8243; , 2&#8243;, 3&#8243; , 4&#8243; , con espesor de 1\/16&#8243; y 1\/8.<\/p>\n","protected":false},"excerpt":{"rendered":"<p>O-Ring &#8212; Cajas ( O-Ring Kit ) Milimetrico y Pulgadas: Materiales PTFE Teflon , Aflas , Urethane , Chloroprene , Silicone , Viton Duro 75-90 , Nitrilo Square Cut Ring , EPR , Nitrilo Duro 70-90, F.D.A Cordones O-Ring \/ Q-Ring en Pulgadas-Mil\u00edmetros: Variedad Materiales y Durometer EPDM-70 , Fluroelastomer Durometer 75-90-,Silicon Durometer 70,Neoprene Durometer [&hellip;]<\/p>\n","protected":false},"author":1,"featured_media":0,"parent":0,"menu_order":0,"comment_status":"closed","ping_status":"closed","template":"","meta":{"footnotes":""},"class_list":["post-27","page","type-page","status-publish","hentry"],"_links":{"self":[{"href":"http:\/\/sbcostaricaindustrial.com\/index.php?rest_route=\/wp\/v2\/pages\/27","targetHints":{"allow":["GET"]}}],"collection":[{"href":"http:\/\/sbcostaricaindustrial.com\/index.php?rest_route=\/wp\/v2\/pages"}],"about":[{"href":"http:\/\/sbcostaricaindustrial.com\/index.php?rest_route=\/wp\/v2\/types\/page"}],"author":[{"embeddable":true,"href":"http:\/\/sbcostaricaindustrial.com\/index.php?rest_route=\/wp\/v2\/users\/1"}],"replies":[{"embeddable":true,"href":"http:\/\/sbcostaricaindustrial.com\/index.php?rest_route=%2Fwp%2Fv2%2Fcomments&post=27"}],"version-history":[{"count":13,"href":"http:\/\/sbcostaricaindustrial.com\/index.php?rest_route=\/wp\/v2\/pages\/27\/revisions"}],"predecessor-version":[{"id":225,"href":"http:\/\/sbcostaricaindustrial.com\/index.php?rest_route=\/wp\/v2\/pages\/27\/revisions\/225"}],"wp:attachment":[{"href":"http:\/\/sbcostaricaindustrial.com\/index.php?rest_route=%2Fwp%2Fv2%2Fmedia&parent=27"}],"curies":[{"name":"wp","href":"https:\/\/api.w.org\/{rel}","templated":true}]}}